 w be 15*((-3)/(-9) + -1). Let v(j) be the first derivative of -5*j**2 - 15*j + 1. Is v(w) a prime number?
False
Suppose -3*x + 8 - 2 = 0. Suppose 2*h + x - 18 = 0. Is (-4)/h - (-58)/4 composite?
True
Let s(u) = -4 + 3 - 119*u + 44*u. Is s(-1) composite?
True
Let i be ((-4)/(-6))/((-1)/(-132)). Suppose -i = -o + 3*f, 3*o + 2*f - 282 = 5*f. Is o a prime number?
True
Suppose n = 3*d + 451, 4*d - 1772 = n - 5*n. Is n composite?
True
Let d be -2 + 1/((-2)/(-22)). Suppose a + 173 = 3*j + d, 56 = j + a. Is j a prime number?
False
Let v = 9 - 7. Suppose 3*x + i = 199, 2*x + v*x + 3*i - 262 = 0. Is x a composite number?
False
Let l(r) = 4*r + 4. Let k be l(-6). Is 1/(-1) - (k + 0) a composite number?
False
Suppose -8*r + 10*r - 742 = 0. Is r composite?
True
Let f(b) = -6*b**3 - b + 4 + 21*b**3 - 6. Let q be f(2). Suppose -3*z + q + 25 = 0. Is z a composite number?
False
Let z(i) = -80*i**3 - 5*i**2 + 3*i + 3. Let a(v) = 159*v**3 + 11*v**2 - 7*v - 7. Let k(b) = 4*a(b) + 9*z(b). Is k(-1) a composite number?
False
Suppose 6*s - 22773 + 15 = 0. Is s a prime number?
True
Let f(q) = q + 279. Let z be f(0). Suppose 2*s - z = -5*m + s, -s = -m + 51. Is m a prime number?
False
Let p = 966 - 1728. Is (-3*1)/(18/p) prime?
True
Let d be 1552/(-56) - (-2)/(-7). Let o = 102 + d. Is o prime?
False
Let y be (-6 + 4)/(4/(-6)). Suppose 2*n - v - 153 = 0, y*v - 13 = n - 77. Is n a prime number?
True
Suppose -4*n = 2*w - 134, 3*w + 2*n = 7*n + 157. Let d = -26 + w. Is d a prime number?
False
Suppose -1537 = -3*w + 4*v, 2*w + 3*v + 1539 = 5*w. Is w composite?
True
Let y be 1*-1 - (-9 + 2). Let p = -194 + 448. Is y/(-8) + p/8 a composite number?
False
Let f be (-393)/12 - (-1)/(-4). Let g = 55 + f. Is g composite?
True
Let s(q) = q**3 + 7*q**2 + 9*q + 2. Is s(-5) a composite number?
False
Let x = -207 - -498. Is x composite?
True
Let c = 95 + -36. Is c a composite number?
False
Suppose 0 = 4*g + 3*n + 2*n - 309, 3*g + 5*n = 238. Is g prime?
True
Let x = -96 - -347. Is x prime?
True
Let z be (3/4)/(2/(-48)). Let m = -10 - z. Let v = 2 + m. Is v a composite number?
True
Let m be (-1)/2 - (-51)/(-6). Let d be (-232)/(-9) - 2/m. Let i = 60 - d. Is i a prime number?
False
Let z(c) = 5*c**2 - 3*c + 4. Let h be z(-6). Let m = 359 - h. Is m a prime number?
True
Suppose -5*w = 4*k, w = -2*w + 2*k - 22. Let l = w - -3. Let p = l + 20. Is p composite?
False
Suppose 2*v = -3*r, 0 = 2*v - 3*v - 4*r. Suppose v = -5*q + 368 + 77. Is q composite?
False
Suppose o = 2*o + 134. Let t = o + 274. Suppose 0 = -8*w + 4*w + t. Is w a prime number?
False
Suppose -12 = -3*w + 5*k - 0*k, 4*w + 5*k - 16 = 0. Suppose -4*n - 12 = w. Is (462/(-12))/(2/n) a composite number?
True
Suppose 0 = -c - 0 - 6. Let k = c - -91. Is k composite?
True
Let v be ((-20)/(-12))/(2/6). Suppose v*b + 8 + 12 = 0. Is 2*(-2)/(b/23) prime?
True
Let b(v) = -77*v + 11. Let s be b(-10). Suppose 4*u - s = 5*k, 581 = 3*u + k - 0*k. Is u prime?
False
Suppose -3*q + 0*q = -2*r - 7, 4*q - 3*r = 8. Suppose -2*f + 3*f = 2*b + 45, q*b = 3*f - 131. Is f a composite number?
False
Suppose 0 = 5*t - 10*t + 1255. Is t a composite number?
False
Let m be (0/2)/3 - -60. Let x = -166 + m. Let w = 225 + x. Is w a prime number?
False
Let j be 2/(-3) + (-724)/(-6). Suppose 0 = 2*r + 5*z - 72, -6*r + 2*r = -2*z - j. Is r a prime number?
True
Suppose 3*m - 6 + 1 = t, -7 = 3*m + 5*t. Let h be 2/2*(-3 + m). Is (623/14)/((-1)/h) a composite number?
False
Suppose 0 = -m + 2 + 3. Suppose y - 4*y + 552 = 0. Suppose -481 + y = -m*p - s, -5*p + 285 = -5*s. Is p a composite number?
False
Suppose 12468 = 8*d + 4*d. Is d prime?
True
Let a be 314/3*33/22. Let o = -38 + a. Is o prime?
False
Let t(o) = -o**3 + 7*o**2 - 4*o - 8. Suppose -17 + 41 = 4*j. Let y be t(j). Is (7 + -5)*46/y composite?
False
Let x(l) = -87*l**2 - 3*l - 4. Let o be x(-3). Is o/(-18) - (-8)/(-36) a composite number?
False
Suppose -18 = -2*b + 4*b. Let j(r) = r**2 + 8*r - 6. Let l be j(b). Suppose p = 4*a - 59, l*a - 3*p - 65 = -a. Is a prime?
False
Suppose 2 = 5*l - 4*l. Let y = 10 - 6. Is 138/4 + l/y a composite number?
True
Suppose -2*x - 2689 = -3*l, -4*x + 169 + 3443 = 4*l. Is l composite?
True
Let b(z) be the second derivative of 649*z**4/12 - 9*z. Is b(1) composite?
True
Let x(k) = -2*k**3 - 7*k**2 - 5*k + 2. Let p be x(-5). Let a = -19 - -6. Let o = a + p. Is o composite?
False
Is (2 - -108)/5 + -3 composite?
False
Let s be (-2)/((2 - 1)/5). Let x = -9 - s. Is (3 - x)*301/2 prime?
False
Let t(r) = r**2 + 9*r + 5. Let u be t(-8). Is (426/(-3))/(1 + u) composite?
False
Suppose v - 159 = -46. Is v composite?
False
Let j(n) = 4*n**2 - 4*n + 7. Is j(-5) a prime number?
True
Let z = 17 + -10. Is z composite?
False
Suppose 4*k + 4208 = 7*j - 3*j, j = -4*k + 1067. Is j a composite number?
True
Is (-6975)/(-55) - 6/(-33) a prime number?
True
Suppose 424 = 4*b - 208. Suppose o + 39 - b = 0. Is o prime?
False
Let r(a) = a**2 - 6*a + 7. Let x be r(5). Suppose 3*i + 5*g = 152, 5*i + x*g + 32 = 279. Is i a composite number?
True
Let a(r) = 887*r**2 + 2*r + 2. Is a(-1) a composite number?
False
Suppose 9 + 1 = 5*n. Let g(r) = 0*r + 9*r**n + r**3 + 3*r + 4*r + 0*r - 1. Is g(-8) a composite number?
False
Let h(d) = -d**3 - 4*d**2 + 5. Suppose -2*y - 10 = 3*w, -y + 6*y = 5. Let i be h(w). Is 1 + i/(10/104) composite?
False
Suppose 0*v = 2*v - 1130. Suppose 6*q = 11*q - v. Is q prime?
True
Suppose 3*t + 4*l - 1773 = 0, -2*t + 66 = 4*l - 1120. Is t a composite number?
False
Suppose -146 = -4*m - 626. Let u = m + 185. Suppose u = 2*f + 7*b - 4*b, f + 2*b = 31. Is f composite?
False
Let a(s) = -42*s - 11. Is a(-25) a composite number?
False
Let t(u) = 92*u**3 - 2*u**2 + 2*u - 1. Let y be ((-2)/(-4))/((-1)/(-6)). Suppose y = -w + 4*w. Is t(w) composite?
True
Let j(q) = -4*q + 4. Let d be j(-4). Is (-4611)/(-15) + (-8)/d a prime number?
True
Let i = -397 - -742. Suppose 3*u = -0*u + i. Is u a composite number?
True
Let g(v) = -194*v + 3. Is g(-2) composite?
True
Let b(f) = 164*f + 1 + 6*f**2 - 164*f. Suppose 2*o = 6*o + 5*t - 27, o = t. Is b(o) prime?
False
Let p be ((-4)/(-5))/(4/10). Let x be (-1 - -1)*p/4. Let w(n) = n + 7. Is w(x) a composite number?
False
Let u(c) = -204*c - 29. Is u(-7) composite?
False
Suppose -c = -5*c - 80. Let z be (c/7)/((-8)/28). Suppose z = -y + 57. Is y a composite number?
False
Suppose -r + 644 = 3*r. Is r a prime number?
False
Let k(s) = 34*s - 25. Is k(15) composite?
True
Let b(x) = -x**3 + 23*x**2 + 14*x - 1. Is b(10) composite?
False
Let g(b) = 50*b + 3 + 44*b - 23*b. Is g(4) a prime number?
False
Suppose 3*j + w = 3202, 5*w + 623 - 1667 = -j. Is j a composite number?
False
Suppose -4*d - o + 123 = 0, 5*d = -o + 10 + 143. Suppose 5*v = -a + d, 5*v + 3 - 48 = -4*a. Suppose -76 = r - v*r. Is r composite?
False
Let l(u) = 12*u**3 - u**2 - 3*u + 1. Let h(k) = k**2 - 5*k + 3. Let d be h(5). Is l(d) a prime number?
True
Let q = 59 - 26. Is q a prime number?
False
Let a(c) = 70*c**2 + 5*c - 38. Is a(9) a prime number?
False
Suppose 932 - 173 = 3*w. Is w a composite number?
True
Suppose w - 6*w - 75 = 0. Is (-789)/w - (-2)/5 a composite number?
False
Let m(t) = -t**3 - 7*t**2 - 6*t + 3. Let h be m(-6). Let b = 3 - h. Suppose -5*i + 3*l + 1046 = -0*l, b = -2*i - 2*l + 428. Is i a prime number?
True
Let f = 1 + 0. Let v = 0 + f. Suppose -v = m - 11. Is m composite?
True
Suppose -7*v = 8*v - 20565. Is v a composite number?
True
Let y = -647 + 940. Is y composite?
False
Let p(o) = -o**2 - 7*o + 7. Is p(-7) a composite number?
False
Suppose 5*f = 5*i - 1095, -4*i - f + 4*f + 874 = 0. Is i composite?
True
Let a(j) be the first derivative of j**3 - 2*j**2 - 5*j + 1. Let s(p) = 2*p**2 + 5*p + 3. Let f be s(-3). Is a(f) prime?
True
Suppose 221 = f - 3*h, -8*f = -3*f - 3*h - 1153. Is f a prime number?
True
Let o(g) = -g**2 + 3. Let d be o(0). Suppose 615 = d*z - 99. Suppose -4*p = x - z - 118, 3*p - 3*x - 267 = 0. Is p composite?
False
Suppose -3*h + 4*h - 2*o = 6, 5*o = -3*h + 7. Let k be (h - 2)*(-38)/(-4). Suppose k = -2*p + 3*p. Is p a composite number?
False
Let j = 441 + -70. Is j composite?
True
Let j(l) = 3*l**2 + 6*l + 6. Let u be j(-7). Suppose u = 6*n - 351. Is n a prime number?
False
Suppose -u = -r - r - 87, -3*r + 293 = 4*u. Is u a prime number?
False
Is 1/(3/11970) + -3